ate the greatest common divisor of f and s.
6
Suppose -4*p - p - 5*k + 35 = 0, p = -2*k + 12. Suppose d - 83 = -3*z, 4*d + 0*z + p*z - 362 = 0. What is the greatest common divisor of d and 138?
46
Let u be (-2 - -5)/(-1 - -2). Let q be (42/10)/(6/450). Suppose 18*v - q - 279 = 0. Calculate the highest common factor of u and v.
3
Let v(q) = -39*q - 5. Let z be v(-5). Suppose -z + 54 = -2*f. Suppose 3*y - 47 - 4 = 0. What is the greatest common divisor of f and y?
17
Let n = 17 + -5. Let v(l) be the second derivative of 23*l**3/3 - 3*l**2 - 7*l. Let f be v(3). What is the greatest common divisor of n and f?
12
Let u(p) = -7*p**2 - 1 + 3*p**2 + p - 1. Let z be u(1). Let w be z*(0 - 66/15). Calculate the highest common factor of w and 55.
11
Let a = -83 + 91. Let r(n) = -2*n**3 + 11*n**2 - 4*n - 3. Let t be r(5). Calculate the highest common factor of a and t.
2
Let a = -965 + 1015. Let d(y) = 3*y - 2. Let u be d(9). What is the greatest common factor of u and a?
25
Let g(u) be the first derivative of -u**3/3 - u**2 - 2*u - 6. Let q be g(-2). Let d be q/3 + 120/45. Calculate the greatest common factor of d and 22.
2
Let z = 877 + -469. Calculate the highest common divisor of z and 51.
51
Suppose 4*i + 2*a = -7 + 19, -5*i - 15 = -5*a. Let r be (-6)/12*(i - 19). Suppose 0 = -4*c + r + 87. Calculate the greatest common divisor of c and 36.
12
Suppose 0 = 5*f - 2*o - 49 + 4, -f + 5*o + 32 = 0. Let g(i) = i**3 + 10*i**2 + 5*i - 15. Let c be g(-9). What is the greatest common divisor of c and f?
7
Let k(n) = 10*n + 12. Let m = 5 - -9. Let y be k(m). What is the highest common factor of 19 and y?
19
Let k be (-1 - ((-16)/(-6) + -3))*3. Let o be k*14/(-4) + -25 + 22. What is the greatest common divisor of o and 28?
4
Let k = -26 - -44. Let z = 42 - k. Let r(v) = v**2 - v + 6. Let i be r(-6). Calculate the greatest common factor of z and i.
24
Suppose -2*l + 5*b = -6*l + 83, -2*l + 41 = 3*b. Let r(s) = -38*s + 26. Let q be r(-11). Let y = q - 246. What is the greatest common divisor of y and l?
22
Let u(x) = 5*x - 2 + 6 - 1 - x**2. Let d be u(3). Let n = -183 - -264. Calculate the highest common divisor of d and n.
9
Suppose 4*o = 3*p - 14, -p - 8 = -0*p + 5*o. Let c be -23*(p - (-1 + 4)). What is the highest common factor of 253 and c?
23
Let u(m) = -m**2 + 7*m - 8. Let z = 14 + -11. Let i be u(z). What is the greatest common factor of 16 and i?
4
Let r(a) = -a**3 + 8*a**2 - 8*a + 18. Let l be r(7). Let v be (-1 - -1 - -1) + 5. Let x = l - v. Calculate the highest common factor of 15 and x.
5
Let u be 2/5 - (-516)/(-15). Let n = u + 35. Suppose 5*d = 16 + 9. Calculate the highest common divisor of d and n.
1
Suppose -2 = -6*n + 16. Let r be (-126)/n*(-1)/3. Suppose -4*x + 1 = -7. Calculate the greatest common divisor of r and x.
2
Let c = 223 - 188. Calculate the highest common factor of c and 10.
5
Let i = 612 - 292. Calculate the greatest common divisor of i and 240.
80
Let t(h) = h**3 + 7*h**2 + 2*h - 6. Let w be t(-6). Suppose 3*a = -2*a + 15. Suppose a*o + 45 - 126 = 0. Calculate the greatest common factor of w and o.
9
Let m = 134 - 54. Suppose -2*w = -3*w + m. What is the highest common divisor of w and 10?
10
Let f(b) = 3*b**2 - 36*b + 28. Let l be f(12). What is the highest common divisor of 76 and l?
4
Let h(a) = a**2 + a. Let f be h(-5). Let p = 50 - f. Let c = -74 - -104. Calculate the greatest common factor of c and p.
30
Let a = 71 + -69. Suppose -31 = -a*h - y, 0*h - y = 5*h - 70. Suppose -4*o - 3*d + 65 = 4, 3*d - 9 = 0. What is the highest common divisor of h and o?
13
Let g(l) = l + 1. Let z be g(-4). Let c be ((-2)/6)/((-1)/z) + 11. What is the greatest common factor of 50 and c?
10
Let l(g) = -4*g + 9*g - 39 + 32. Let d be l(5). What is the greatest common divisor of d and 12?
6
Let r = -8 + 8. Suppose 3*t - 11 - 1 = r. What is the highest common factor of t and 3?
1
Let i = 1702 - 1700. Let m = -4 + 10. What is the highest common divisor of i and m?
2
Let q = 129 - 111. What is the highest common divisor of q and 36?
18
Let z = -48 + 88. Let y = -34 + z. What is the highest common factor of y and 9?
3
Let y = -3160 + 3189. Let f(r) = 4*r**2 + 4*r + 8. Suppose -5*o = -3*o - 14. Let x be f(o). What is the greatest common divisor of y and x?
29
Let y be 2/(-10) - (-6)/5. Let o(k) = 76*k**3 + 2*k**2 - 2*k + 1. Let v be o(y). Suppose 2*z - v = z. What is the highest common divisor of 11 and z?
11
Suppose 1200 = 3*j - 19*j. Let m = j + 160. Suppose -136 = -6*p + 2*p. What is the highest common divisor of m and p?
17
Suppose 0 = -4*w + 16, -2*m = -m + 2*w - 512. Let f be -1 + m/35 + 3/5. Calculate the highest common divisor of 21 and f.
7
Let p = -31 + 63. Let d be 4/(-5) + 1764/105. Calculate the highest common divisor of d and p.
16
Suppose 2*f + 3*f = -z - 5, -2*f = 3*z - 24. Let m = -85 - -297. Let b = -122 + m. What is the highest common divisor of b and z?
10
Let v = 297 + -147. What is the highest common divisor of v and 30?
30
Let v = -83 - -28. Let h = -27 - v. What is the greatest common divisor of 70 and h?
14
Suppose -12*q + 6*q = -12. Suppose 4*b - 51 = q*b + 5*v, -5*v + 61 = 2*b. Suppose x - 17 = -3. Calculate the greatest common factor of x and b.
14
Let y(f) = -115*f + 265. Let m be y(-13). Calculate the highest common factor of m and 80.
80
Suppose 164 = -5*g + 219. Let c(j) = -21*j + 1. Let u be c(-1). What is the highest common divisor of u and g?
11
Let f(l) = l**2 + 6*l - 2. Let a be f(-6). Let d(i) = -7*i**3 + 2*i + 3. Let z be d(a). Let s = -16 + 27. What is the highest common factor of s and z?
11
Suppose 0 = -91*b - 327 + 1965. What is the highest common divisor of 3960 and b?
18
Let k(y) = -2*y. Let b be k(-4). Let f = -8 + b. Suppose r + 2*m = 7 + 38, -2*r + m + 90 = f. What is the greatest common factor of r and 9?
9
Suppose -2*g - 18 = 5*u, 5*u + 16 = g - 5. Suppose x + g + 8 = 0. Let f = x + 19. Calculate the greatest common factor of f and 70.
10
Suppose 396 = 55*m + 44*m. Let d = 1 - 0. What is the highest common divisor of m and d?
1
Let p be 1*12 - 12/3. Suppose 22 - 82 = -5*d. Let f(k) = -k + 28. Let j be f(d). What is the highest common factor of p and j?
8
Let t(i) = i**2 + 459*i + 6676. Let y be t(-15). Let n = 10 + 2. Calculate the highest common divisor of n and y.
4
Suppose -2*p + 5*l = -p - 15, -35 = 5*p - 3*l. Let t = -5 - p. Suppose 0 = t*c - 125. Calculate the greatest common factor of 10 and c.
5
Suppose 78 + 82 = 10*r. Suppose -7*j + 10*j + 21 = 0. Let a(b) = -b**3 - 7*b**2 + 4. Let h be a(j). Calculate the greatest common divisor of r and h.
4
Let a(r) be the first derivative of -r**4/4 + 11*r**3/3 - 9*r**2/2 + r - 6. Let m be a(10). Let g = 13 + m. What is the highest common divisor of g and 60?
12
Suppose -2*u + 54 = u. Let o = 0 + 2. Suppose 3*m + 3 = 0, 19 = 4*b - o*m - 19. Calculate the highest common divisor of u and b.
9
Suppose 5*j - 166 = -61. Let d be (-4)/14 + 1341/63. Calculate the highest common divisor of d and j.
21
Suppose -185 = -6*u - 179. What is the greatest common factor of 3 and u?
1
Let j(g) = -347*g - 288. Let i be j(-4). What is the greatest common factor of 75 and i?
25
Let z(k) = k**2 - 4*k - 12. Let x be z(6). Suppose -5*c + x = 4*p - 3, p = 3*c + 22. Calculate the highest common factor of p and 56.
7
Suppose -4*c + 8 + 564 = 0. Let t(h) = -2*h**2 + 3*h + h**3 + 0*h**2 - 2 - 3*h**2. Let k be t(5). Calculate the greatest common divisor of c and k.
13
Let s be (-1)/2*(-2 + -6). Let l be (30/8 + -3)*s. Suppose l*o - 24 = -o. What is the greatest common factor of 30 and o?
6
Let z(b) = 2*b**2 - 7*b. Let t be z(6). Let i be (-3)/4 + (-7)/28. Let d = 9 - i. Calculate the highest common factor of d and t.
10
Let l = -251 - -146. Let c = l - -141. Calculate the highest common factor of 4 and c.
4
Suppose -76 = -15*v - 23*v. Let h(k) = k - 3. Let z be h(5). Calculate the greatest common divisor of v and z.
2
Suppose -5*u = -0*n + 2*n + 125, -n = -2*u - 59. Let r = 49 + u. What is the highest common factor of 110 and r?
22
Suppose -5*z - 4*u + 353 = -8*u, -2*u = -z + 67. Suppose -w = 4*h - z, -h + 39 = h + 3*w. What is the highest common factor of 30 and h?
6
Suppose 3*y - l - 553 = l, -5*y + l + 931 = 0. Let w(u) = -u**3 - 3*u**2 + 17. Let i be w(0). What is the greatest